5)/10 + 847/22. Suppose -5*f + 124 = -161. Calculate the highest common divisor of f and y.
19
Let s = 11 - 0. Let n = 894 - 399. Suppose 10*m - 5*m = n. Calculate the highest common divisor of m and s.
11
Let m = 8 + -3. Let v(d) = d**2 - 6*d + 6. Let l be v(m). Suppose 4*g = -3*b - 5 + 31, 16 = g - 4*b. Calculate the greatest common factor of g and l.
1
Let j(u) = 15*u + 3. Let f be j(-5). Let w = f - -137. Let g be (-292)/(-11) - 12/22. What is the greatest common factor of g and w?
13
Suppose 2*b + 0*b = 2*x + 126, 5*x = -4*b + 270. Let g = -31 + b. Suppose 1 - g = -k. What is the greatest common factor of 22 and k?
11
Suppose 9*x - 14*x + 60 = 0. Calculate the greatest common factor of x and 516.
12
Suppose 47*q - 1036 = 515. Calculate the highest common factor of q and 528.
33
Suppose 62 = -10*x + 522. Calculate the greatest common factor of 552 and x.
46
Let b = 21 + -21. Suppose t - 5*t + 352 = b. Calculate the greatest common factor of t and 22.
22
Let v(d) = -d**2 + 7*d + 1. Let s be v(7). Let m be (3 - 5) + 3/s. Calculate the highest common factor of m and 1.
1
Let f = 106 + -43. Let i be (676/39)/(6/f). Calculate the highest common factor of i and 14.
14
Let o = 18 + -14. Let s be 1 + (-2 - (-38 + o)). Calculate the highest common factor of 3 and s.
3
Let k be (-37)/111 + 163/3. What is the highest common divisor of k and 54?
54
Suppose 2*m - 8 = m. Suppose -7*z = -z + 4*z. Let r = z + m. Calculate the greatest common divisor of r and 16.
8
Let p be (3/2)/((-34)/(-3604)). What is the highest common factor of p and 106?
53
Let k = -385 + 434. Calculate the greatest common factor of 21 and k.
7
Suppose 249 + 75 = 9*w. Calculate the greatest common divisor of 276 and w.
12
Let x be ((-1)/2)/((-2)/(-4)). Let p be 26*x - (-3 - -7). Let z be 18/p - (-103)/5. Calculate the highest common divisor of 100 and z.
20
Let m be -6 + 290 + 7/14*-10. Calculate the greatest common factor of 9 and m.
9
Let q = -4 + 15. Let h(w) = q*w + 2 + 2 - 1. Let x be h(3). What is the highest common divisor of x and 9?
9
Let u be 104/(-39)*((-315)/(-6))/(-7). What is the greatest common factor of u and 640?
20
Let d be 65*38/4 - (-15)/(-10). What is the highest common factor of d and 392?
56
Suppose 12 = -12*d + 336. What is the greatest common divisor of 24 and d?
3
Suppose 18*m - 48 = 2*m. What is the greatest common factor of 3 and m?
3
Let c = 607 - 597. Calculate the highest common factor of c and 3.
1
Let a = -2037 + 2149. Let p(g) = g**2 + 2*g + 1. Let s be p(-5). What is the highest common factor of a and s?
16
Suppose 0 = 3*w - 56 + 8. Suppose -4*k + 384 = 8*k. What is the highest common divisor of k and w?
16
Let v be 2/(-1) + -35 + -10 + 11. Let j = 32 - v. What is the greatest common divisor of 8 and j?
4
Let i(x) = -x**3 + 14*x**2 - 20*x + 4. Let r be i(12). Calculate the greatest common factor of r and 4.
4
Let n = 639 - 446. Suppose -h = 17 - n. Let g be (132/(-9))/(2/(-3)). What is the greatest common divisor of g and h?
22
Let h be 1*98 - (-1 - -3). Suppose 0 = 3*p - 5 - 4, 0 = -2*u - 4*p + h. Calculate the highest common factor of u and 56.
14
Let i(m) = 2*m**3 + 2*m**2 + 11*m - 61. Let j be i(4). Calculate the highest common divisor of j and 22.
11
Let d(b) = -b**3 + b**2 - b + 6. Let q be d(0). Let t = -7 - -9. Suppose -o = t*o - 18. What is the greatest common factor of o and q?
6
Let n be (1 - 2/4)*176. What is the highest common divisor of 11 and n?
11
Let s be (-2)/(-7) - 5/(-7). Suppose s = i - 2. Suppose -i*r = 5*v - 50, -65 = -2*r - 0*r + 3*v. Calculate the highest common divisor of r and 100.
25
Let i be 528/4 + -2 - 4. Let b be i/4 + 54/(-36). Calculate the highest common divisor of 75 and b.
15
Let x be (-1)/4 + (-45)/(-4). Suppose 0 = -6*h + 1750 - 1090. What is the greatest common divisor of h and x?
11
Let f(o) = -11*o - 1. Let v be f(-7). Suppose -5*p + 2*s = -198, 0 = 5*p + 5*s - 91 - 79. Calculate the highest common factor of v and p.
38
Let r(a) = -4*a + 77. Let q be r(16). Suppose 9 = -3*p, 3*p = 4*n + 13 + 10. Let k = n + q. Calculate the greatest common divisor of k and 2.
1
Let s(g) = g**3 + 11*g**2 - 8*g + 50. Let b be s(-12). Suppose -5*o + 25 = -0*o. Calculate the highest common divisor of o and b.
1
Suppose 3*b - 4*b = -25. Let s(t) = 3*t - 2. Let i be s(4). What is the greatest common divisor of b and i?
5
Suppose -4*z - 9735 = -15*z. Calculate the greatest common divisor of z and 15.
15
Let u(o) = 16*o**2 + 4*o + 6. Let n be u(7). Suppose -3*j - 28 = n. Let i be 2/(-8) - j/8. What is the greatest common divisor of i and 7?
7
Suppose -4*g + 32 = 2*y, 3*g + 86 = 5*y + 7*g. Suppose 0 = -4*w - 4*m + 84, -2*m - 33 = -w - 7*m. Calculate the greatest common divisor of y and w.
18
Let r be 1*-3 + (-600)/(-40). Calculate the highest common factor of r and 156.
12
Let z = -6 - -8. Suppose z*j = -2*w - 2*w + 32, -j + 3*w = 9. What is the greatest common divisor of 102 and j?
6
Let t = -1252 + 1652. Calculate the highest common divisor of t and 25.
25
Suppose 0 = v - 6*v. Let n = -387 - -385. Let a be (v/(-3) - -4) + n. What is the greatest common divisor of 16 and a?
2
Let n = 10 - 6. Suppose n*g + 466 = 2*q, q - g + 221 = 2*q. What is the highest common divisor of 25 and q?
25
Suppose 0 = 13*m - 31*m + 4482. Calculate the greatest common divisor of m and 83.
83
Let d(c) = c**2 - 30*c - 56. Let z be d(-10). What is the highest common factor of z and 8?
8
Let j be (-4)/(-1) + (1 - 2). Suppose 31*w - 34*w = -36. Calculate the highest common factor of w and j.
3
Let q(j) = -6*j + 3*j + 0 - 15. Let a be q(-8). Suppose 2*h - 5*h = 0, -a = -3*t + 4*h. What is the highest common divisor of t and 27?
3
Suppose -3*r = r - 24. Let x(l) = 46*l + 12. Let s be x(r). Suppose -2*d + s = 2*d. What is the greatest common divisor of 9 and d?
9
Let w be (-3)/(-18) + (-428)/(-24). Calculate the greatest common factor of 99 and w.
9
Let l be (-3)/(-2)*(-72)/(-27). Let x be 0*l/(-16) + 5. Suppose x*n - 97 = -17. What is the greatest common factor of n and 64?
16
Let d(y) = y**2 - 10*y - 8. Let q be d(8). Let x = q - -27. Let j = 2 + 0. Calculate the highest common divisor of j and x.
1
Let q(o) = 30*o + 307. Let t be q(30). What is the highest common factor of t and 17?
17
Suppose 2*b - 5*b + 2*i = 27, -i + 30 = -3*b. Let w(n) = n**2 + 10*n - 1. Let y be w(b). What is the highest common divisor of 70 and y?
10
Let u = -49 + 103. Let n = u + -34. Suppose 3*i = n + 19. Calculate the highest common factor of 52 and i.
13
Suppose 3*h - 2*t + 24 = 0, 5*h + 3*t + 24 = t. Let g be ((-10)/h - 1)*(7 - -26). Calculate the highest common factor of 242 and g.
22
Suppose -7*v + 20 = -2*v, -g - v + 17 = 0. Suppose 0 = 3*z - 2*z - g. Suppose p + z - 76 = 0. What is the greatest common factor of 9 and p?
9
Suppose 203 = 3*y - o, 11*o = 7*o - 20. Calculate the highest common divisor of 242 and y.
22
Suppose 210 = 1036*o - 1029*o. What is the greatest common divisor of 25 and o?
5
Let y(a) = a**2 + a + 1. Let k be y(-2). Suppose 0 = -o + k*o - 20. Let d = o + 17. Calculate the greatest common divisor of d and 18.
9
Suppose -57*l - 20 = 44*l - 121. Let d(u) = -u**2 - 6*u + 7. Let z be d(-6). Calculate the greatest common divisor of z and l.
1
Suppose -w - 2*g + 112 = 0, 14*g = -4*w + 19*g + 474. What is the highest common factor of w and 4?
4
Let m(f) = 8*f**2 - 19. Let q be m(18). What is the greatest common divisor of 83 and q?
83
Let v(q) = 39*q - 146. Let n be v(4). Calculate the greatest common factor of 460 and n.
10
Let d = 248 + -191. Calculate the highest common factor of 19 and d.
19
Let t be 18/27 - (-16)/3. Let y = t + -5. Let p be (-1)/3 - (-8)/6. Calculate the highest common factor of y and p.
1
Suppose 4*g = 3*h - 244, 60 = 5*h + 2*g - 338. Let v be (0 - 2) + (-1 - -19). Calculate the highest common divisor of h and v.
16
Suppose x = 5, 56 = 3*g + 4*x - 60. What is the highest common factor of 24 and g?
8
Let a be (34 - (1 - 0)) + (5 - 0). What is the highest common divisor of 38 and a?
38
Let p(z) be the first derivative of z**3/3 - 2*z**2 + 4*z - 8. Let l be p(8). Calculate the highest common divisor of l and 4.
4
Let c be (-90)/9*1/(-2). Suppose 2*b - c*q - 115 = 0, 59 = -2*b + 3*b - 4*q. What is the greatest common divisor of b and 5?
5
Let z